e 12, what is -4 - 3a832?
-3a836
In base 13, what is 9 - 309a?
-3091
In base 8, what is -26 + -7305?
-7333
In base 4, what is -33 + -20311203?
-20311302
In base 13, what is 8a8 - 14?
894
In base 3, what is -101222002020 + 12?
-101222002001
In base 11, what is -6310 + 2?
-6309
In base 12, what is 8363 + 10b?
8472
In base 15, what is 4b01 - -4?
4b05
In base 12, what is -65ab - 15?
-6604
In base 7, what is -2 - 624?
-626
In base 3, what is -21 + -1201210202?
-1201211000
In base 2, what is -1101001010 - -10001000?
-1011000010
In base 11, what is -2839 + 237?
-2602
In base 9, what is 1325 + 2?
1327
In base 3, what is -202221200 - 221?
-202222121
In base 12, what is 263 - -206?
469
In base 14, what is 0 + -6521?
-6521
In base 16, what is 38c + 305?
691
In base 3, what is 2112000 - -1002?
2120002
In base 7, what is 2550355 + 5?
2550363
In base 11, what is -42a + 6a?
-370
In base 11, what is 240 - 41?
1aa
In base 16, what is 5 + -eb8e9?
-eb8e4
In base 16, what is -b1 - 7c9?
-87a
In base 5, what is 2 + 11442234?
11442241
In base 9, what is 6 + -82622?
-82615
In base 8, what is -3253 - 15?
-3270
In base 11, what is -73186 + 24?
-73162
In base 11, what is -5 + 17935?
17930
In base 9, what is 34772 - 15?
34756
In base 12, what is 137 + -16bb?
-1584
In base 7, what is 34306 + 145?
34454
In base 8, what is -31 - 1321?
-1352
In base 13, what is -2099c - 2?
-209a1
In base 4, what is -3031210 + 120?
-3031030
In base 13, what is -61894 + -5?
-61899
In base 2, what is 1111010110110 + 110110?
1111011101100
In base 8, what is 5 + -17365?
-17360
In base 16, what is 153 + 36?
189
In base 4, what is -112 - -11330200?
11330022
In base 8, what is 166113 + -11?
166102
In base 5, what is 12124424 + -11?
12124413
In base 15, what is -2ae - -c?
-2a2
In base 2, what is -100000001001 + -100101100?
-100100110101
In base 10, what is -5 - -23396?
23391
In base 14, what is d5b7 - 4?
d5b3
In base 10, what is -1008478 - -1?
-1008477
In base 10, what is -48196 - 4?
-48200
In base 4, what is -2 + -211003?
-211011
In base 8, what is -470 + 3666?
3176
In base 5, what is -12043 + 3343?
-3200
In base 15, what is -2e5 + 2896?
25a1
In base 5, what is 3240013 + 3?
3240021
In base 12, what is -1755 + 165?
-15b0
In base 4, what is -11 + 1201131?
1201120
In base 5, what is -202042040 - 2?
-202042042
In base 14, what is -2 - 434c?
-4350
In base 14, what is 1a2 + 15?
1b7
In base 5, what is -13340324 + -3?
-13340332
In base 4, what is 332321 - 1?
332320
In base 12, what is -631 - -18?
-615
In base 16, what is -4 + -1069?
-106d
In base 11, what is 81 + 1?
82
In base 15, what is 1107 - 48?
10ae
In base 14, what is -3090 - 3?
-3093
In base 14, what is 0 + 1a2d?
1a2d
In base 8, what is 5 + 7572?
7577
In base 9, what is -177 + 666?
478
In base 9, what is 2 + 16828?
16831
In base 4, what is 330021 + 103?
330130
In base 13, what is 2 - -25724?
25726
In base 2, what is -100101 - -1000000111?
111100010
In base 6, what is 2202225 - -2?
2202231
In base 8, what is -3 + -11753?
-11756
In base 5, what is 123134420 + -4?
123134411
In base 6, what is -1521235 - 3?
-1521242
In base 5, what is -4 + 20314?
20310
In base 8, what is -14 - 370105?
-370121
In base 2, what is 10111100111111001 - 101000?
10111100111010001
In base 11, what is 98 + -a904?
-a817
In base 4, what is -130200 - 31101?
-221301
In base 11, what is 1a25982 - 5?
1a25978
In base 2, what is 10110100000000011 + -1100?
10110011111110111
In base 4, what is 20 - -1213311331?
1213312011
In base 4, what is 0 - 120121223?
-120121223
In base 6, what is 43220 + 230?
43450
In base 16, what is 4 - 6daa?
-6da6
In base 3, what is -1012002200 - 10000?
-1012012200
In base 7, what is 0 + 26335?
26335
In base 12, what is 3 + 8674?
8677
In base 11, what is 553 + a3?
646
In base 3, what is 110000010 + -10?
110000000
In base 2, what is -11110011100101 + 10111011?
-11110000101010
In base 14, what is 8 - -2520?
2528
In base 2, what is -1100000110101100 - -1010?
-1100000110100010
In base 8, what is 600 - -1343?
2143
In base 10, what is -24 - -8136?
8112
In base 10, what is -6 + 47970?
47964
In base 7, what is 201224 + -300?
200624
In base 7, what is 5 - -164415?
164423
In base 4, what is -201 - -1321221?
1321020
In base 8, what is -312 + -662?
-1174
In base 8, what is 2634 + 172?
3026
In base 10, what is -33 - 977?
-1010
In base 12, what is -795911 + 5?
-795908
In base 8, what is -3176 + 6?
-3170
In base 15, what is -24 + -6ae?
-6d3
In base 7, what is -206 - -133?
-43
In base 12, what is 3 - -991b?
9922
In base 4, what is -111 - -10203?
10032
In base 4, what is -3 - 202312132?
-202312201
In base 4, what is 12 + 11022?
11100
In base 3, what is -2 - -11201102?
11201100
In base 8, what is -5 - -1063?
1056
In base 14, what is -448a6 + 2?
-448a4
In base 2, what is 10 - -100100100111010101?
100100100111010111
In base 12, what is 92 - 3b9b?
-3b09
In base 7, what is -6 + -3005521?
-3005530
In base 12, what is -5531 - -16?
-5517
In base 6, what is -5341412 - -2?
-5341410
In base 10, what is -689539 - 1?
-689540
In base 7, what is -3 + 21641?
21635
In base 12, what is -2 - -3981?
397b
In base 10, what is 64 + -89?
-25
In base 7, what is -116446 - -4?
-116442
In base 4, what is -10 - -32331321?
32331311
In base 16, what is -7147 - 3?
-714a
In base 6, what is -415 - -231101?
230242
In base 8, what is -6 + -107753?
-107761
In base 12, what is -2 + 66b35?
66b33
In base 6, what is 14103 + -123?
13540
In base 10, what is -8 - 33728?
-33736
In base 3, what is 1010121102 - -221?
1010122100
In base 16, what is -4 - 3f68?
-3f6c
In base 7, what is 640 + -50?
560
In base 11, what is -259 - 3433?
-3691
In base 15, what is 2 - d8444?
-d8442
In base 15, what is 2d + a91?
abe
In base 3, what is 220001120 + 10?
220001200
In base 2, what is -100 - 1001101100001?
-1001101100101
In base 3, what is 111 + 22011?
22122
In base 13, what is -1 - -23074?
23073
In base 9, what is -67467 + -4?
-67472
In base 9, what is -13447 - -2?
-13445
In base 10, what is -4662 - -31?
-4631
In base 7, what is -365 - 6264?
-6662
In base 16, what is bc + -252?
-196
In base 14, what is 12 + -1d97?
-1d85
In base 14, what is b1ab5 + -1?
b1ab4
In base 14, what is 7 - 23996?
-2398d
In base 10, what is -377 + -42?
-419
In base 16, what is -a624 + -b?
-a62f
In base 11, what is 19 - a37?
-a19
In base 9, what is 5 + -1476?
-1471
In base 3, what is -10 + 1011111110122?
1011111110112
In base 15, what is 348 - a?
33d
In base 2, what is 100111111 - 10000010001?
-1011010010
In base 15, what is -1158 - -12?
-1146
In base 2, what is 101 + 10100011111111010?
10100011111111111
In base 3, what is -11 + 2112111202?
2112111121
In base 11, what is 5 - -4437?
4441
In base 14, what is 0 + -27ca9d?
-27ca9d
In base 8, what is 6352 + 3?
6355
In base 6, what is 2 + 22300025?
22300031
In base 11, what is a2480 - 1?
a247a
In base 4, what is 1 + 11303223?
11303230
In base 13, what is -1035 + 1523?
4bb
In base 8, what is 744 - -3?
747
In base 7, what is 31113334 - -5?
31113342
In base 2, what is -100111001110111011000 + -101?
-100111001110111011101
In base 11, what is -122 - -a1?
-31
In base 6, what is -1 - 2131305?
-2131310
In base 13, what is 71 + 8765?
8806
In base 13, what is 20 + c350?
c370
In base 13, what is 0 - 188ac?
-188ac
In base 5, what is -12010341 + 3?
-12010333
In base 13, what is 645b1 - -4?
645b5
In base 9, what is -5 - -404528?
404523
In base 16, what is 3 + ad8ee?
ad8f1
In base 8, what is 263325 - 4?
263321
In base 10, what is -5408 + -1?
-5409
In base 11, what is -5 - 843821?
-843826
In base 12, what is a - -4787?
4795
In base 14, what is -2 + 50736?
50734
In base 6, what is -4 - 214421?
-214425
In base 14, what is 5 - 1871?
-186a
In base 4, what is -231 - 31021000?
-31021231
In base 15, what is 5 - -22aa?
22b0
In base 16, what is 64dda - -15?
64def
In base 7, what is -10 + 2202004?
2201664
In base 2, what is 101000100110100000 - -11100?
101000100110111100
In base 10, what is -2973735 + -3?
-2973738
In base 3, what is 12 + -122021101?
-122021012
In base 10, what is -220352 - 5?
-220357
In base 6, what is 2042 + -2440?
-354
In base 10, what is 0 + -43524?
-43524
In base 16, what is -15 - -51c2?
51ad
In base 14, what is 14b4 + -3?
14b1
In base 13, what is 98a - 7?
983
In base 15, what is 462ba + -3?
462b7
In base 3, what is -12010 - 